{"id":3541,"date":"2022-06-17T21:17:24","date_gmt":"2022-06-17T21:17:24","guid":{"rendered":"https:\/\/diretodagrecia.com.br\/inicio\/?page_id=3541"},"modified":"2022-06-24T18:08:40","modified_gmt":"2022-06-24T18:08:40","slug":"desenvolvimento-de-marcas-proprias","status":"publish","type":"page","link":"https:\/\/diretodagrecia.com.br\/inicio\/desenvolvimento-de-marcas-proprias\/","title":{"rendered":"Marcas Pr\u00f3prias"},"content":{"rendered":"<p>[vc_row][vc_column][vc_column_text]Contamos com um time de expertises na Cria\u00e7\u00e3o de produtos e r\u00f3tulos, al\u00e9m de oferecermos assist\u00eancia nutricional para a adequa\u00e7\u00e3o de todo e qualquer produto a ser comercializado no mercado brasileiro e internacional.<\/p>\r\n<p>[\/vc_column_text][\/vc_column][\/vc_row][vc_row][vc_column][vc_gallery type=&#8221;image_grid&#8221; images=&#8221;3544,3545,3546,3547,3548&#8243; img_size=&#8221;medium&#8221;][\/vc_column][\/vc_row]<\/p>","protected":false},"excerpt":{"rendered":"<p>[vc_row][vc_column][vc_column_text]Contamos com um time de expertises na Cria\u00e7\u00e3o de produtos e r\u00f3tulos, al\u00e9m de oferecermos assist\u00eancia nutricional para a adequa\u00e7\u00e3o de todo e qualquer produto a ser comercializado no mercado brasileiro e internacional. [\/vc_column_text][\/vc_column][\/vc_row][vc_row][vc_column][vc_gallery type=&#8221;image_grid&#8221; images=&#8221;3544,3545,3546,3547,3548&#8243; img_size=&#8221;medium&#8221;][\/vc_column][\/vc_row]<\/p>\n","protected":false},"author":1,"featured_media":0,"parent":0,"menu_order":0,"comment_status":"closed","ping_status":"closed","template":"","meta":{"footnotes":""},"class_list":["post-3541","page","type-page","status-publish","hentry"],"_links":{"self":[{"href":"https:\/\/diretodagrecia.com.br\/inicio\/wp-json\/wp\/v2\/pages\/3541","targetHints":{"allow":["GET"]}}],"collection":[{"href":"https:\/\/diretodagrecia.com.br\/inicio\/wp-json\/wp\/v2\/pages"}],"about":[{"href":"https:\/\/diretodagrecia.com.br\/inicio\/wp-json\/wp\/v2\/types\/page"}],"author":[{"embeddable":true,"href":"https:\/\/diretodagrecia.com.br\/inicio\/wp-json\/wp\/v2\/users\/1"}],"replies":[{"embeddable":true,"href":"https:\/\/diretodagrecia.com.br\/inicio\/wp-json\/wp\/v2\/comments?post=3541"}],"version-history":[{"count":3,"href":"https:\/\/diretodagrecia.com.br\/inicio\/wp-json\/wp\/v2\/pages\/3541\/revisions"}],"predecessor-version":[{"id":3903,"href":"https:\/\/diretodagrecia.com.br\/inicio\/wp-json\/wp\/v2\/pages\/3541\/revisions\/3903"}],"wp:attachment":[{"href":"https:\/\/diretodagrecia.com.br\/inicio\/wp-json\/wp\/v2\/media?parent=3541"}],"curies":[{"name":"wp","href":"https:\/\/api.w.org\/{rel}","templated":true}]}}