{"id":2818,"date":"2018-01-15T09:56:27","date_gmt":"2018-01-15T09:56:27","guid":{"rendered":"http:\/\/ranbron.bolvo.com\/?page_id=6"},"modified":"2022-12-20T12:52:51","modified_gmt":"2022-12-20T12:52:51","slug":"home","status":"publish","type":"page","link":"https:\/\/diretodagrecia.com.br\/inicio\/","title":{"rendered":"Homepage"},"content":{"rendered":"<p>[vc_row][vc_column]\n\t\t\t<!-- START slider final REVOLUTION SLIDER 6.5.21 --><p class=\"rs-p-wp-fix\"><\/p>\n\t\t\t<rs-module-wrap id=\"rev_slider_6_1_wrapper\" data-source=\"gallery\" style=\"visibility:hidden;background:transparent;padding:0;margin:0px auto;margin-top:0;margin-bottom:0;\">\n\t\t\t\t<rs-module id=\"rev_slider_6_1\" style=\"\" data-version=\"6.5.21\">\n\t\t\t\t\t<rs-slides>\n\t\t\t\t\t\t<rs-slide style=\"position: absolute;\" data-key=\"rs-31\" data-title=\"Slide\" data-thumb=\"\/\/diretodagrecia.com.br\/inicio\/wp-content\/uploads\/2022\/11\/Banners-SEM-BOTOES_01-scaled-100x50.jpg\" data-duration=\"2720ms\" data-in=\"o:0;\" data-out=\"a:false;\">\n\t\t\t\t\t\t\t<img loading=\"lazy\" decoding=\"async\" src=\"\/\/diretodagrecia.com.br\/inicio\/wp-content\/plugins\/revslider\/public\/assets\/assets\/dummy.png\" alt=\"\" title=\"Banners &#8211; SEM BOTOES_01\" width=\"2560\" height=\"904\" class=\"rev-slidebg tp-rs-img rs-lazyload\" data-lazyload=\"\/\/diretodagrecia.com.br\/inicio\/wp-content\/uploads\/2022\/11\/Banners-SEM-BOTOES_01-scaled.jpg\" data-no-retina>\n<!--\n\t\t\t\t\t\t\t--><rs-layer\n\t\t\t\t\t\t\t\tid=\"slider-6-slide-31-layer-3\" \n\t\t\t\t\t\t\t\tdata-type=\"text\"\n\t\t\t\t\t\t\t\tdata-color=\"rgba(255, 255, 255, 1)\"\n\t\t\t\t\t\t\t\tdata-rsp_ch=\"on\"\n\t\t\t\t\t\t\t\tdata-xy=\"x:l,l,c,c;xo:79px,40px,-9px,-1px;y:m;yo:-38px,-39px,-42px,-70px;\"\n\t\t\t\t\t\t\t\tdata-text=\"s:47,44,33,24;l:55,52,35,24;fw:600,600,700,700;a:inherit,inherit,center,center;\"\n\t\t\t\t\t\t\t\tdata-dim=\"w:auto,auto,auto,357px;h:auto,auto,auto,62px;\"\n\t\t\t\t\t\t\t\tdata-frame_0=\"y:-43px,-41px,-23px,-10px;\"\n\t\t\t\t\t\t\t\tdata-frame_1=\"st:840;sp:1130;sR:840;\"\n\t\t\t\t\t\t\t\tdata-frame_999=\"o:0;st:w;sR:4099.84375;\"\n\t\t\t\t\t\t\t\tstyle=\"z-index:8;font-family:'Poppins';\"\n\t\t\t\t\t\t\t>Fornecendo solu\u00e7\u00f5es <br>  para o crescimento do<br>   seu neg\u00f3cio \n\t\t\t\t\t\t\t<\/rs-layer><!--\n-->\t\t\t\t\t\t<\/rs-slide>\n\t\t\t\t\t\t<rs-slide style=\"position: absolute;\" data-key=\"rs-34\" data-title=\"Slide\" data-thumb=\"\/\/diretodagrecia.com.br\/inicio\/wp-content\/uploads\/2022\/11\/Banners-SEM-BOTOES_07-scaled-100x50.jpg\" data-duration=\"2720ms\" data-in=\"o:0;\" data-out=\"a:false;\">\n\t\t\t\t\t\t\t<img loading=\"lazy\" decoding=\"async\" src=\"\/\/diretodagrecia.com.br\/inicio\/wp-content\/plugins\/revslider\/public\/assets\/assets\/dummy.png\" alt=\"\" title=\"Banners &#8211; SEM BOTOES_07\" width=\"2560\" height=\"904\" class=\"rev-slidebg tp-rs-img rs-lazyload\" data-lazyload=\"\/\/diretodagrecia.com.br\/inicio\/wp-content\/uploads\/2022\/11\/Banners-SEM-BOTOES_07-scaled.jpg\" data-no-retina>\n<!---->\t\t\t\t\t\t<\/rs-slide>\n\t\t\t\t\t\t<rs-slide style=\"position: absolute;\" data-key=\"rs-35\" data-title=\"Slide\" data-thumb=\"\/\/diretodagrecia.com.br\/inicio\/wp-content\/uploads\/2022\/11\/Banners-SEM-BOTOES_02-scaled-100x50.jpg\" data-duration=\"2720ms\" data-in=\"o:0;\" data-out=\"a:false;\">\n\t\t\t\t\t\t\t<img loading=\"lazy\" decoding=\"async\" src=\"\/\/diretodagrecia.com.br\/inicio\/wp-content\/plugins\/revslider\/public\/assets\/assets\/dummy.png\" alt=\"\" title=\"Banners &#8211; SEM BOTOES_02\" width=\"2560\" height=\"904\" class=\"rev-slidebg tp-rs-img rs-lazyload\" data-lazyload=\"\/\/diretodagrecia.com.br\/inicio\/wp-content\/uploads\/2022\/11\/Banners-SEM-BOTOES_02-scaled.jpg\" data-no-retina>\n<!---->\t\t\t\t\t\t<\/rs-slide>\n\t\t\t\t\t\t<rs-slide style=\"position: absolute;\" data-key=\"rs-36\" data-title=\"Slide\" data-thumb=\"\/\/diretodagrecia.com.br\/inicio\/wp-content\/uploads\/2022\/11\/Banners-SEM-BOTOES_08-scaled-100x50.jpg\" data-duration=\"2720ms\" data-in=\"o:0;\" data-out=\"a:false;\">\n\t\t\t\t\t\t\t<img loading=\"lazy\" decoding=\"async\" src=\"\/\/diretodagrecia.com.br\/inicio\/wp-content\/plugins\/revslider\/public\/assets\/assets\/dummy.png\" alt=\"\" title=\"Banners &#8211; SEM BOTOES_08\" width=\"2560\" height=\"904\" class=\"rev-slidebg tp-rs-img rs-lazyload\" data-lazyload=\"\/\/diretodagrecia.com.br\/inicio\/wp-content\/uploads\/2022\/11\/Banners-SEM-BOTOES_08-scaled.jpg\" data-no-retina>\n<!---->\t\t\t\t\t\t<\/rs-slide>\n\t\t\t\t\t\t<rs-slide style=\"position: absolute;\" data-key=\"rs-37\" data-title=\"Slide\" data-thumb=\"\/\/diretodagrecia.com.br\/inicio\/wp-content\/uploads\/2022\/11\/Banners-SEM-BOTOES_03-scaled-100x50.jpg\" data-duration=\"2720ms\" data-in=\"o:0;\" data-out=\"a:false;\">\n\t\t\t\t\t\t\t<img loading=\"lazy\" decoding=\"async\" src=\"\/\/diretodagrecia.com.br\/inicio\/wp-content\/plugins\/revslider\/public\/assets\/assets\/dummy.png\" alt=\"\" title=\"Banners &#8211; SEM BOTOES_03\" width=\"2560\" height=\"904\" class=\"rev-slidebg tp-rs-img rs-lazyload\" data-lazyload=\"\/\/diretodagrecia.com.br\/inicio\/wp-content\/uploads\/2022\/11\/Banners-SEM-BOTOES_03-scaled.jpg\" data-no-retina>\n<!---->\t\t\t\t\t\t<\/rs-slide>\n\t\t\t\t\t\t<rs-slide style=\"position: absolute;\" data-key=\"rs-38\" data-title=\"Slide\" data-thumb=\"\/\/diretodagrecia.com.br\/inicio\/wp-content\/uploads\/2022\/11\/Banners-SEM-BOTOES_09-scaled-100x50.jpg\" data-duration=\"2720ms\" data-in=\"o:0;\" data-out=\"a:false;\">\n\t\t\t\t\t\t\t<img loading=\"lazy\" decoding=\"async\" src=\"\/\/diretodagrecia.com.br\/inicio\/wp-content\/plugins\/revslider\/public\/assets\/assets\/dummy.png\" alt=\"\" title=\"Banners &#8211; SEM BOTOES_09\" width=\"2560\" height=\"904\" class=\"rev-slidebg tp-rs-img rs-lazyload\" data-lazyload=\"\/\/diretodagrecia.com.br\/inicio\/wp-content\/uploads\/2022\/11\/Banners-SEM-BOTOES_09-scaled.jpg\" data-no-retina>\n<!---->\t\t\t\t\t\t<\/rs-slide>\n\t\t\t\t\t\t<rs-slide style=\"position: absolute;\" data-key=\"rs-39\" data-title=\"Slide\" data-thumb=\"\/\/diretodagrecia.com.br\/inicio\/wp-content\/uploads\/2022\/11\/Banners-SEM-BOTOES_04-scaled-100x50.jpg\" data-duration=\"2720ms\" data-in=\"o:0;\" data-out=\"a:false;\">\n\t\t\t\t\t\t\t<img loading=\"lazy\" decoding=\"async\" src=\"\/\/diretodagrecia.com.br\/inicio\/wp-content\/plugins\/revslider\/public\/assets\/assets\/dummy.png\" alt=\"\" title=\"Banners &#8211; SEM BOTOES_04\" width=\"2560\" height=\"904\" class=\"rev-slidebg tp-rs-img rs-lazyload\" data-lazyload=\"\/\/diretodagrecia.com.br\/inicio\/wp-content\/uploads\/2022\/11\/Banners-SEM-BOTOES_04-scaled.jpg\" data-no-retina>\n<!---->\t\t\t\t\t\t<\/rs-slide>\n\t\t\t\t\t\t<rs-slide style=\"position: absolute;\" data-key=\"rs-40\" data-title=\"Slide\" data-thumb=\"\/\/diretodagrecia.com.br\/inicio\/wp-content\/uploads\/2022\/11\/Banners-SEM-BOTOES_10-scaled-100x50.jpg\" data-duration=\"2720ms\" data-in=\"o:0;\" data-out=\"a:false;\">\n\t\t\t\t\t\t\t<img loading=\"lazy\" decoding=\"async\" src=\"\/\/diretodagrecia.com.br\/inicio\/wp-content\/plugins\/revslider\/public\/assets\/assets\/dummy.png\" alt=\"\" title=\"Banners &#8211; SEM BOTOES_10\" width=\"2560\" height=\"904\" class=\"rev-slidebg tp-rs-img rs-lazyload\" data-lazyload=\"\/\/diretodagrecia.com.br\/inicio\/wp-content\/uploads\/2022\/11\/Banners-SEM-BOTOES_10-scaled.jpg\" data-no-retina>\n<!---->\t\t\t\t\t\t<\/rs-slide>\n\t\t\t\t\t\t<rs-slide style=\"position: absolute;\" data-key=\"rs-41\" data-title=\"Slide\" data-thumb=\"\/\/diretodagrecia.com.br\/inicio\/wp-content\/uploads\/2022\/11\/Banners-SEM-BOTOES_05-scaled-100x50.jpg\" data-duration=\"2720ms\" data-in=\"o:0;\" data-out=\"a:false;\">\n\t\t\t\t\t\t\t<img loading=\"lazy\" decoding=\"async\" src=\"\/\/diretodagrecia.com.br\/inicio\/wp-content\/plugins\/revslider\/public\/assets\/assets\/dummy.png\" alt=\"\" title=\"Banners &#8211; SEM BOTOES_05\" width=\"2560\" height=\"904\" class=\"rev-slidebg tp-rs-img rs-lazyload\" data-lazyload=\"\/\/diretodagrecia.com.br\/inicio\/wp-content\/uploads\/2022\/11\/Banners-SEM-BOTOES_05-scaled.jpg\" data-no-retina>\n<!---->\t\t\t\t\t\t<\/rs-slide>\n\t\t\t\t\t\t<rs-slide style=\"position: absolute;\" data-key=\"rs-42\" data-title=\"Slide\" data-thumb=\"\/\/diretodagrecia.com.br\/inicio\/wp-content\/uploads\/2022\/11\/Banners-SEM-BOTOES_11-scaled-100x50.jpg\" data-duration=\"2720ms\" data-in=\"o:0;\" data-out=\"a:false;\">\n\t\t\t\t\t\t\t<img loading=\"lazy\" decoding=\"async\" src=\"\/\/diretodagrecia.com.br\/inicio\/wp-content\/plugins\/revslider\/public\/assets\/assets\/dummy.png\" alt=\"\" title=\"Banners &#8211; SEM BOTOES_11\" width=\"2560\" height=\"904\" class=\"rev-slidebg tp-rs-img rs-lazyload\" data-lazyload=\"\/\/diretodagrecia.com.br\/inicio\/wp-content\/uploads\/2022\/11\/Banners-SEM-BOTOES_11-scaled.jpg\" data-no-retina>\n<!---->\t\t\t\t\t\t<\/rs-slide>\n\t\t\t\t\t\t<rs-slide style=\"position: absolute;\" data-key=\"rs-43\" data-title=\"Slide\" data-thumb=\"\/\/diretodagrecia.com.br\/inicio\/wp-content\/uploads\/2022\/11\/Banners-SEM-BOTOES_06-scaled-100x50.jpg\" data-duration=\"2720ms\" data-in=\"o:0;\" data-out=\"a:false;\">\n\t\t\t\t\t\t\t<img loading=\"lazy\" decoding=\"async\" src=\"\/\/diretodagrecia.com.br\/inicio\/wp-content\/plugins\/revslider\/public\/assets\/assets\/dummy.png\" alt=\"\" title=\"Banners &#8211; SEM BOTOES_06\" width=\"2560\" height=\"904\" class=\"rev-slidebg tp-rs-img rs-lazyload\" data-lazyload=\"\/\/diretodagrecia.com.br\/inicio\/wp-content\/uploads\/2022\/11\/Banners-SEM-BOTOES_06-scaled.jpg\" data-no-retina>\n<!---->\t\t\t\t\t\t<\/rs-slide>\n\t\t\t\t\t\t<rs-slide style=\"position: absolute;\" data-key=\"rs-44\" data-title=\"Slide\" data-thumb=\"\/\/diretodagrecia.com.br\/inicio\/wp-content\/uploads\/2022\/11\/Banners-SEM-BOTOES_12-scaled-100x50.jpg\" data-duration=\"2720ms\" data-in=\"o:0;\" data-out=\"a:false;\">\n\t\t\t\t\t\t\t<img loading=\"lazy\" decoding=\"async\" src=\"\/\/diretodagrecia.com.br\/inicio\/wp-content\/plugins\/revslider\/public\/assets\/assets\/dummy.png\" alt=\"\" title=\"Banners &#8211; SEM BOTOES_12\" width=\"2560\" height=\"904\" class=\"rev-slidebg tp-rs-img rs-lazyload\" data-lazyload=\"\/\/diretodagrecia.com.br\/inicio\/wp-content\/uploads\/2022\/11\/Banners-SEM-BOTOES_12-scaled.jpg\" data-no-retina>\n<!---->\t\t\t\t\t\t<\/rs-slide>\n\t\t\t\t\t<\/rs-slides>\n\t\t\t\t\t<rs-static-layers><!--\n\n\t\t\t\t\t\t\t--><a\n\t\t\t\t\t\t\t\tid=\"slider-6-slide-2-layer-1\" \n\t\t\t\t\t\t\t\tclass=\"rs-layer rs-layer-static\"\n\t\t\t\t\t\t\t\thref=\"https:\/\/www.instagram.com\/diretodagrecia\/\" target=\"_blank\" rel=\"noopener\"\n\t\t\t\t\t\t\t\tdata-type=\"button\"\n\t\t\t\t\t\t\t\tdata-color=\"transparent\"\n\t\t\t\t\t\t\t\tdata-rsp_ch=\"on\"\n\t\t\t\t\t\t\t\tdata-xy=\"xo:44px,36px,27px,16px;yo:517px,426px,323px,199px;\"\n\t\t\t\t\t\t\t\tdata-text=\"w:normal;s:47,38,28,17;l:59,48,36,22;\"\n\t\t\t\t\t\t\t\tdata-dim=\"w:163.628px,134px,101px,62px;\"\n\t\t\t\t\t\t\t\tdata-onslides=\"s:1;\"\n\t\t\t\t\t\t\t\tdata-frame_999=\"o:0;st:w;\"\n\t\t\t\t\t\t\t\tstyle=\"z-index:12;background:url('https:\/\/diretodagrecia.com.br\/inicio\/wp-content\/uploads\/2022\/11\/Banners-SEM-BOTOES_INSTAGRAM.png') no-repeat center top;background-size:contain;font-family:'Roboto';\"\n\t\t\t\t\t\t\t>New Layer \n\t\t\t\t\t\t\t<\/a><!--\n\n\t\t\t\t\t\t\t--><a\n\t\t\t\t\t\t\t\tid=\"slider-6-slide-2-layer-2\" \n\t\t\t\t\t\t\t\tclass=\"rs-layer rs-layer-static\"\n\t\t\t\t\t\t\t\thref=\"https:\/\/loja.diretodagrecia.com.br\/\" target=\"_blank\" rel=\"noopener\"\n\t\t\t\t\t\t\t\tdata-type=\"button\"\n\t\t\t\t\t\t\t\tdata-color=\"transparent\"\n\t\t\t\t\t\t\t\tdata-rsp_ch=\"on\"\n\t\t\t\t\t\t\t\tdata-xy=\"xo:370px,305px,231px,142px;yo:520px,429px,325px,200px;\"\n\t\t\t\t\t\t\t\tdata-text=\"w:normal;s:47,38,28,17;l:59,48,36,22;\"\n\t\t\t\t\t\t\t\tdata-dim=\"w:163.628px,134px,101px,62px;\"\n\t\t\t\t\t\t\t\tdata-onslides=\"s:1;\"\n\t\t\t\t\t\t\t\tdata-frame_999=\"o:0;st:w;\"\n\t\t\t\t\t\t\t\tstyle=\"z-index:11;background:url('https:\/\/diretodagrecia.com.br\/inicio\/wp-content\/uploads\/2022\/11\/Banners-SEM-BOTOES_LOJA.png') no-repeat center top;background-size:contain;font-family:'Roboto';\"\n\t\t\t\t\t\t\t>New Layer \n\t\t\t\t\t\t\t<\/a><!--\n\n\t\t\t\t\t\t\t--><a\n\t\t\t\t\t\t\t\tid=\"slider-6-slide-2-layer-5\" \n\t\t\t\t\t\t\t\tclass=\"rs-layer rs-layer-static\"\n\t\t\t\t\t\t\t\thref=\"https:\/\/www.facebook.com\/diretodagrecia\/\" target=\"_blank\" rel=\"noopener\"\n\t\t\t\t\t\t\t\tdata-type=\"button\"\n\t\t\t\t\t\t\t\tdata-color=\"transparent\"\n\t\t\t\t\t\t\t\tdata-rsp_ch=\"on\"\n\t\t\t\t\t\t\t\tdata-xy=\"xo:702px,579px,439px,270px;yo:519px,428px,325px,200px;\"\n\t\t\t\t\t\t\t\tdata-text=\"w:normal;s:47,38,28,17;l:59,48,36,22;\"\n\t\t\t\t\t\t\t\tdata-dim=\"w:163.628px,134px,101px,62px;\"\n\t\t\t\t\t\t\t\tdata-onslides=\"s:1;\"\n\t\t\t\t\t\t\t\tdata-frame_999=\"o:0;st:w;\"\n\t\t\t\t\t\t\t\tstyle=\"z-index:10;background:url('https:\/\/diretodagrecia.com.br\/inicio\/wp-content\/uploads\/2022\/11\/Banners-SEM-BOTOES_FACEBOOK.png') no-repeat center top;background-size:contain;font-family:'Roboto';\"\n\t\t\t\t\t\t\t>New Layer \n\t\t\t\t\t\t\t<\/a><!--\n\n\t\t\t\t\t\t\t--><a\n\t\t\t\t\t\t\t\tid=\"slider-6-slide-2-layer-6\" \n\t\t\t\t\t\t\t\tclass=\"rs-layer rs-layer-static\"\n\t\t\t\t\t\t\t\thref=\"https:\/\/diretodagrecia.com.br\/inicio\/blog-2-column\/\" target=\"_self\"\n\t\t\t\t\t\t\t\tdata-type=\"button\"\n\t\t\t\t\t\t\t\tdata-color=\"transparent\"\n\t\t\t\t\t\t\t\tdata-rsp_ch=\"on\"\n\t\t\t\t\t\t\t\tdata-xy=\"xo:1024px,845px,642px,396px;yo:521px,430px,326px,201px;\"\n\t\t\t\t\t\t\t\tdata-text=\"w:normal;s:47,38,28,17;l:59,48,36,22;\"\n\t\t\t\t\t\t\t\tdata-dim=\"w:163.628px,134px,101px,62px;\"\n\t\t\t\t\t\t\t\tdata-onslides=\"s:1;\"\n\t\t\t\t\t\t\t\tdata-frame_999=\"o:0;st:w;\"\n\t\t\t\t\t\t\t\tstyle=\"z-index:9;background:url('https:\/\/diretodagrecia.com.br\/inicio\/wp-content\/uploads\/2022\/11\/Banners-SEM-BOTOES_BLOG.png') no-repeat center top;background-size:contain;font-family:'Roboto';\"\n\t\t\t\t\t\t\t>New Layer \n\t\t\t\t\t\t\t<\/a><!--\n\n\t\t\t\t\t\t\t--><rs-layer\n\t\t\t\t\t\t\t\tid=\"slider-6-slide-2-layer-7\" \n\t\t\t\t\t\t\t\tclass=\"rs-layer-static\"\n\t\t\t\t\t\t\t\tdata-type=\"shape\"\n\t\t\t\t\t\t\t\tdata-rsp_ch=\"on\"\n\t\t\t\t\t\t\t\tdata-xy=\"xo:29px,23px,17px,10px;yo:505px,417px,316px,194px;\"\n\t\t\t\t\t\t\t\tdata-text=\"w:normal;s:20,16,12,7;l:0,20,15,9;\"\n\t\t\t\t\t\t\t\tdata-dim=\"w:1170px,966px,733px,452px;h:99px,81px,61px,37px;\"\n\t\t\t\t\t\t\t\tdata-onslides=\"s:1;\"\n\t\t\t\t\t\t\t\tdata-frame_999=\"o:0;st:w;\"\n\t\t\t\t\t\t\t\tstyle=\"z-index:8;background-color:rgba(255,255,255,0.5);\"\n\t\t\t\t\t\t\t> \n\t\t\t\t\t\t\t<\/rs-layer><!--\n\t\t\t\t\t--><\/rs-static-layers>\n\t\t\t\t<\/rs-module>\n\t\t\t\t<script>\n\t\t\t\t\tsetREVStartSize({c: 'rev_slider_6_1',rl:[1240,1024,778,480],el:[620,620,450,450],gw:[1240,1024,778,480],gh:[620,620,450,450],type:'standard',justify:'',layout:'fullwidth',mh:\"0\"});if (window.RS_MODULES!==undefined && window.RS_MODULES.modules!==undefined && window.RS_MODULES.modules[\"revslider61\"]!==undefined) {window.RS_MODULES.modules[\"revslider61\"].once = false;window.revapi6 = undefined;if (window.RS_MODULES.checkMinimal!==undefined) window.RS_MODULES.checkMinimal()}\n\t\t\t\t<\/script>\n\t\t\t<\/rs-module-wrap>\n\t\t\t<!-- END REVOLUTION SLIDER -->\n[\/vc_column][\/vc_row][vc_row el_class=&#8221;about-home-one&#8221;][vc_column width=&#8221;7\/12&#8243;][tt_vc_title_shortcode up_title=&#8221;Mais de 2 d\u00e9cadas no mercado&#8221; title=&#8221;We are <strong>Boreoux<\/strong> Consulting Firm&#8221;]Somos a <strong>Direto da Gr\u00e9cia<\/strong>[\/tt_vc_title_shortcode][vc_column_text css=&#8221;.vc_custom_1654633846316{margin-bottom: 0px !important;}&#8221;]<\/p>\n<div class=\"wpb_text_column wpb_content_element \">\n<div class=\"wpb_wrapper\">\n<p class=\"highlight\">Fazemos tudo com muito trabalho, dedica\u00e7\u00e3o e carinho h\u00e1 mais de 2 d\u00e9cadas.<\/p>\n<\/div>\n<\/div>\n<div class=\"wpb_text_column wpb_content_element \">\n<div class=\"wpb_wrapper\">\n<p class=\"highlight\">Iniciamos nossas atividades no ramo de eventos, depois marketing, e fomos pioneiros na cria\u00e7\u00e3o do primeiro programa de Vendas na TV na Regi\u00e3o do Vale do Para\u00edba.<\/p>\n<\/div>\n<\/div>\n<p>[\/vc_column_text][vc_column_text]Mais tarde, a pedidos, nos especializamos em Branding e na elabora\u00e7\u00e3o de r\u00f3tulos, e em especial de produtos aliment\u00edcios e bebidas em geral, e na promo\u00e7\u00e3o e divulga\u00e7\u00e3o desses produtos junto ao p\u00fablico consumidor brasileiro.[\/vc_column_text][vc_column_text]Nossos Azeites primam pela PUREZA da cor Verde Oliva e Aroma frutados nas mais diversas embalagens, al\u00e9m das Marcas Pr\u00f3prias tamb\u00e9m.[\/vc_column_text][tt_vc_button_shortcode btn_link=&#8221;url:https%3A%2F%2Fdiretodagrecia.com.br%2Finicio%2Fabout%2F|title:saiba%20mais|target:_blank&#8221; text=&#8221;more about us&#8221;][\/vc_column][vc_column width=&#8221;5\/12&#8243;][vc_single_image image=&#8221;2933&#8243; img_size=&#8221;full&#8221; css=&#8221;.vc_custom_1654642457305{margin-bottom: 0px !important;}&#8221;][\/vc_column][\/vc_row][vc_row full_width=&#8221;stretch_row&#8221; el_class=&#8221;fun-fact-area&#8221; css=&#8221;.vc_custom_1532095043410{border-top-width: 1px !important;padding-top: 100px !important;padding-bottom: 90px !important;border-top-color: #e5e5e5 !important;border-top-style: solid !important;}&#8221;][vc_column width=&#8221;1\/4&#8243; css=&#8221;.vc_custom_1531118161332{padding-top: 0px !important;}&#8221;][vc_column_text]<\/p>\n<h3 class=\"title\">Mais de 2 d\u00e9cadas<br \/>\nno mecado<\/h3>\n<p>[\/vc_column_text][\/vc_column][vc_column width=&#8221;1\/4&#8243; css=&#8221;.vc_custom_1531117825631{padding-top: 0px !important;}&#8221;][tt_vc_countdown_shortcode number=&#8221;4182&#8243; label=&#8221;Clientes Atendidos&#8221;][\/vc_column][vc_column width=&#8221;1\/4&#8243; css=&#8221;.vc_custom_1531117832989{padding-top: 0px !important;}&#8221;][tt_vc_countdown_shortcode number=&#8221;5932&#8243; label=&#8221;Eventos Realizados&#8221;][\/vc_column][vc_column width=&#8221;1\/4&#8243; css=&#8221;.vc_custom_1531117837291{padding-top: 0px !important;}&#8221;][tt_vc_countdown_shortcode number=&#8221;1550&#8243; label=&#8221;Projetos Sociais&#8221;][\/vc_column][\/vc_row][vc_row full_width=&#8221;stretch_row_content_no_spaces&#8221;][vc_column css=&#8221;.vc_custom_1532089334274{padding-top: 0px !important;}&#8221;][tt_vc_add_content_shortcode posts_per_page=&#8221;25&#8243; post_type=&#8221;tt_testimonial&#8221; tt_order=&#8221;ASC&#8221; tt_template=&#8221;testimonial2&#8243;][\/vc_column][\/vc_row]<\/p>\n","protected":false},"excerpt":{"rendered":"<p>[vc_row][vc_column][\/vc_column][\/vc_row][vc_row el_class=&#8221;about-home-one&#8221;][vc_column width=&#8221;7\/12&#8243;][tt_vc_title_shortcode up_title=&#8221;Mais de 2 d\u00e9cadas no mercado&#8221; title=&#8221;We are Boreoux Consulting Firm&#8221;]Somos a Direto da Gr\u00e9cia[\/tt_vc_title_shortcode][vc_column_text css=&#8221;.vc_custom_1654633846316{margin-bottom: 0px !important;}&#8221;] Fazemos tudo com muito trabalho, dedica\u00e7\u00e3o e carinho h\u00e1 mais de 2 d\u00e9cadas. Iniciamos nossas atividades no ramo de eventos, depois marketing, e fomos pioneiros na cria\u00e7\u00e3o do primeiro programa de Vendas na TV [&hellip;]<\/p>\n","protected":false},"author":1,"featured_media":0,"parent":0,"menu_order":0,"comment_status":"closed","ping_status":"closed","template":"","meta":{"footnotes":""},"class_list":["post-2818","page","type-page","status-publish","hentry"],"_links":{"self":[{"href":"https:\/\/diretodagrecia.com.br\/inicio\/wp-json\/wp\/v2\/pages\/2818","targetHints":{"allow":["GET"]}}],"collection":[{"href":"https:\/\/diretodagrecia.com.br\/inicio\/wp-json\/wp\/v2\/pages"}],"about":[{"href":"https:\/\/diretodagrecia.com.br\/inicio\/wp-json\/wp\/v2\/types\/page"}],"author":[{"embeddable":true,"href":"https:\/\/diretodagrecia.com.br\/inicio\/wp-json\/wp\/v2\/users\/1"}],"replies":[{"embeddable":true,"href":"https:\/\/diretodagrecia.com.br\/inicio\/wp-json\/wp\/v2\/comments?post=2818"}],"version-history":[{"count":18,"href":"https:\/\/diretodagrecia.com.br\/inicio\/wp-json\/wp\/v2\/pages\/2818\/revisions"}],"predecessor-version":[{"id":4379,"href":"https:\/\/diretodagrecia.com.br\/inicio\/wp-json\/wp\/v2\/pages\/2818\/revisions\/4379"}],"wp:attachment":[{"href":"https:\/\/diretodagrecia.com.br\/inicio\/wp-json\/wp\/v2\/media?parent=2818"}],"curies":[{"name":"wp","href":"https:\/\/api.w.org\/{rel}","templated":true}]}}