{"id":2366,"date":"2018-01-16T15:38:23","date_gmt":"2018-01-16T15:38:23","guid":{"rendered":"http:\/\/ranbron.bolvo.com\/?page_id=2366"},"modified":"2022-06-24T18:41:15","modified_gmt":"2022-06-24T18:41:15","slug":"contact","status":"publish","type":"page","link":"https:\/\/diretodagrecia.com.br\/inicio\/contact\/","title":{"rendered":"Contato"},"content":{"rendered":"<p>[vc_row el_class=&#8221;contact-page&#8221;][vc_column][tt_vc_title_shortcode up_title=&#8221;Fale Conosco&#8221;]Estamos online e prontos para atender[\/tt_vc_title_shortcode][vc_column_text]Envie sua mensagem, nossa equipe ir\u00e1 responder em breve, ou nos chame dirretamente pelo link de WhatsApp, para d\u00favidas, cota\u00e7\u00f5es de produtos e\/ou sevi\u00e7os, informa\u00e7\u00f5es sobre pr\u00f3ximos eventos e tudo mais sobrre nossa empresa.[\/vc_column_text][vc_empty_space height=&#8221;50px&#8221;][vc_row_inner][vc_column_inner width=&#8221;7\/12&#8243;]\n<div class=\"wpcf7 no-js\" id=\"wpcf7-f2370-o1\" lang=\"en-US\" dir=\"ltr\" data-wpcf7-id=\"2370\">\n<div class=\"screen-reader-response\"><p role=\"status\" aria-live=\"polite\" aria-atomic=\"true\"><\/p> <ul><\/ul><\/div>\n<form action=\"\/inicio\/wp-json\/wp\/v2\/pages\/2366#wpcf7-f2370-o1\" method=\"post\" class=\"wpcf7-form init\" aria-label=\"Contact form\" novalidate=\"novalidate\" data-status=\"init\">\n<fieldset class=\"hidden-fields-container\"><input type=\"hidden\" name=\"_wpcf7\" value=\"2370\" \/><input type=\"hidden\" name=\"_wpcf7_version\" value=\"6.1.5\" \/><input type=\"hidden\" name=\"_wpcf7_locale\" value=\"en_US\" \/><input type=\"hidden\" name=\"_wpcf7_unit_tag\" value=\"wpcf7-f2370-o1\" \/><input type=\"hidden\" name=\"_wpcf7_container_post\" value=\"0\" \/><input type=\"hidden\" name=\"_wpcf7_posted_data_hash\" value=\"\" \/>\n<\/fieldset>\n<div class=\"contactpage contact-form\">\n\t<p class=\"note\">Os campos marcados com * s\u00e3o obrigat\u00f3rios\n\t<\/p>\n\t<p><label class=\"input-label\">Nome *<\/label><span class=\"wpcf7-form-control-wrap\" data-name=\"your-name\"><input size=\"40\" maxlength=\"400\" class=\"wpcf7-form-control wpcf7-text wpcf7-validates-as-required tt_input\" aria-required=\"true\" aria-invalid=\"false\" value=\"\" type=\"text\" name=\"your-name\" \/><\/span><br \/>\n<label class=\"input-label\">E-mail *<\/label><span class=\"wpcf7-form-control-wrap\" data-name=\"your-email\"><input size=\"40\" maxlength=\"400\" class=\"wpcf7-form-control wpcf7-email wpcf7-validates-as-required wpcf7-text wpcf7-validates-as-email tt_input\" aria-required=\"true\" aria-invalid=\"false\" value=\"\" type=\"email\" name=\"your-email\" \/><\/span><br \/>\n<label class=\"input-label\">Mensagem *<\/label><span class=\"wpcf7-form-control-wrap\" data-name=\"your-message\"><textarea cols=\"40\" rows=\"10\" maxlength=\"2000\" class=\"wpcf7-form-control wpcf7-textarea tt_textarea\" aria-invalid=\"false\" name=\"your-message\"><\/textarea><\/span><br \/>\n<input class=\"wpcf7-form-control wpcf7-submit has-spinner tt_submit\" type=\"submit\" value=\"Enviar\" \/>\n\t<\/p>\n<\/div><div class=\"wpcf7-response-output\" aria-hidden=\"true\"><\/div>\n<\/form>\n<\/div>\n[\/vc_column_inner][vc_column_inner el_class=&#8221;contact-info inner&#8221; width=&#8221;1\/4&#8243;][vc_column_text el_class=&#8221;single-contact-info&#8221;]<\/p>\n<h4>Direto da Gr\u00e9cia :<\/h4>\n<p>Nossos Contatos[\/vc_column_text][vc_column_text el_class=&#8221;single-contact-info&#8221;]<\/p>\n<h4>WhatsApp :<\/h4>\n<p>+55 12 98163-5487[\/vc_column_text][vc_column_text el_class=&#8221;single-contact-info&#8221;]<\/p>\n<h4>email :<\/h4>\n<p>contato@diretodagrecia.com.br[\/vc_column_text][\/vc_column_inner][\/vc_row_inner][\/vc_column][\/vc_row][vc_row full_width=&#8221;stretch_row_content_no_spaces&#8221;][vc_column offset=&#8221;vc_hidden-lg vc_hidden-md vc_hidden-sm vc_hidden-xs&#8221;][vc_gmaps link=&#8221;#E-8_JTNDaWZyYW1lJTIwc3JjJTNEJTIyaHR0cHMlM0ElMkYlMkZ3d3cuZ29vZ2xlLmNvbSUyRm1hcHMlMkZlbWJlZCUzRnBiJTNEJTIxMW0xOCUyMTFtMTIlMjExbTMlMjExZDYzMDQuODI5OTg2MTMxMjcxJTIxMmQtMTIyLjQ3NDY5NjgwMzMwOTIlMjEzZDM3LjgwMzc0NzUyMTYwNDQzJTIxMm0zJTIxMWYwJTIxMmYwJTIxM2YwJTIxM20yJTIxMWkxMDI0JTIxMmk3NjglMjE0ZjEzLjElMjEzbTMlMjExbTIlMjExczB4ODA4NTg2ZTYzMDI2MTVhMSUyNTNBMHg4NmJkMTMwMjUxNzU3YzAwJTIxMnNTdG9yZXklMkJBdmUlMjUyQyUyQlNhbiUyQkZyYW5jaXNjbyUyNTJDJTJCQ0ElMkI5NDEyOSUyMTVlMCUyMTNtMiUyMTFzZW4lMjEyc3VzJTIxNHYxNDM1ODI2NDMyMDUxJTIyJTIwd2lkdGglM0QlMjI2MDAlMjIlMjBoZWlnaHQlM0QlMjI0NTAlMjIlMjBmcmFtZWJvcmRlciUzRCUyMjAlMjIlMjBzdHlsZSUzRCUyMmJvcmRlciUzQTAlMjIlMjBhbGxvd2Z1bGxzY3JlZW4lM0UlM0MlMkZpZnJhbWUlM0U=&#8221; size=&#8221;550&#8243;][\/vc_column][\/vc_row]<\/p>\n","protected":false},"excerpt":{"rendered":"<p>[vc_row el_class=&#8221;contact-page&#8221;][vc_column][tt_vc_title_shortcode up_title=&#8221;Fale Conosco&#8221;]Estamos online e prontos para atender[\/tt_vc_title_shortcode][vc_column_text]Envie sua mensagem, nossa equipe ir\u00e1 responder em breve, ou nos chame dirretamente pelo link de WhatsApp, para d\u00favidas, cota\u00e7\u00f5es de produtos e\/ou sevi\u00e7os, informa\u00e7\u00f5es sobre pr\u00f3ximos eventos e tudo mais sobrre nossa empresa.[\/vc_column_text][vc_empty_space height=&#8221;50px&#8221;][vc_row_inner][vc_column_inner width=&#8221;7\/12&#8243;][\/vc_column_inner][vc_column_inner el_class=&#8221;contact-info inner&#8221; width=&#8221;1\/4&#8243;][vc_column_text el_class=&#8221;single-contact-info&#8221;] Direto da Gr\u00e9cia : Nossos Contatos[\/vc_column_text][vc_column_text el_class=&#8221;single-contact-info&#8221;] [&hellip;]<\/p>\n","protected":false},"author":1,"featured_media":0,"parent":0,"menu_order":0,"comment_status":"closed","ping_status":"closed","template":"","meta":{"footnotes":""},"class_list":["post-2366","page","type-page","status-publish","hentry"],"_links":{"self":[{"href":"https:\/\/diretodagrecia.com.br\/inicio\/wp-json\/wp\/v2\/pages\/2366","targetHints":{"allow":["GET"]}}],"collection":[{"href":"https:\/\/diretodagrecia.com.br\/inicio\/wp-json\/wp\/v2\/pages"}],"about":[{"href":"https:\/\/diretodagrecia.com.br\/inicio\/wp-json\/wp\/v2\/types\/page"}],"author":[{"embeddable":true,"href":"https:\/\/diretodagrecia.com.br\/inicio\/wp-json\/wp\/v2\/users\/1"}],"replies":[{"embeddable":true,"href":"https:\/\/diretodagrecia.com.br\/inicio\/wp-json\/wp\/v2\/comments?post=2366"}],"version-history":[{"count":9,"href":"https:\/\/diretodagrecia.com.br\/inicio\/wp-json\/wp\/v2\/pages\/2366\/revisions"}],"predecessor-version":[{"id":3917,"href":"https:\/\/diretodagrecia.com.br\/inicio\/wp-json\/wp\/v2\/pages\/2366\/revisions\/3917"}],"wp:attachment":[{"href":"https:\/\/diretodagrecia.com.br\/inicio\/wp-json\/wp\/v2\/media?parent=2366"}],"curies":[{"name":"wp","href":"https:\/\/api.w.org\/{rel}","templated":true}]}}